{"id":387,"date":"2018-09-17T11:11:32","date_gmt":"2018-09-17T09:11:32","guid":{"rendered":"http:\/\/trentengermusek.org\/new\/?page_id=387"},"modified":"2018-09-17T12:07:28","modified_gmt":"2018-09-17T10:07:28","slug":"de-veraein","status":"publish","type":"page","link":"http:\/\/trentengermusek.org\/new\/de-veraein\/","title":{"rendered":"De Ver\u00e4in"},"content":{"rendered":"<p>&nbsp;<\/p>\n<h2>Gesicht vun der Tr\u00ebntenger Musek<\/h2>\n<p>D\u2019Gr\u00ebnnung vun der Tr\u00ebntenger Musek get op eng Grupp jonk Leit zreck, d\u00e9i sech am Joer 1945 enert dem Numm \u201eTheaterfr\u00ebnn Spass an Eescht\u201c zesummengeschloss hun fir d\u2019Jugend an d\u2019kulturell Liewen am Duerf opliewen ze loossen. Enner denen \u201eTheaterfr\u00ebnn\u201c waren och Museker, d\u00e9i sech en Intrument kaft hun fir bei festleche Geleegenheeten domat ze spillen.<\/p>\n<p>Den \u00e9ischten musikaleschn Optr\u00ebtt vun den \u201eTheaterfr\u00ebnn\u201c war am Mee 1945 op enger Hochz\u00e4it. Durno, am Juni 1945 hun si um Kiischtefest am Caf\u00e9 Schweitzer Danzmusek gespillt.<\/p>\n<p>Uschl\u00e9issend hun d\u2019\u201cTheatrefr\u00ebnn\u201c als \u00e9ischt op der Hierschtkiermes am Dall den H\u00e4mmelsmarsch geblosen an dono, op Invitatioun vum Buergermeeschter Auguste Kayl, och zu Waldbriedemes.<\/p>\n<p>Beim Kiischtefest 1946 ass vun engem Vierstandsmember d\u2019Fro gestallt gin: \u201eFir wat laft der als w\u00ebll Musikanten dor\u00ebmmer? Gr\u00ebnd dach eng uerdentlech Musek!\u201c Dorober as dann den 24. Juli 1946 d\u2019Gr\u00ebnnungsversammlung vun der \u201eFanfare de Trintange\u201c ofgehallen gin. Si waren zu 34 Memberen d\u00e9i fir eng Musek waren .<\/p>\n<p>Den \u00e9ischte Dirigent war den H\u00e4r Ren\u00e9 Schmit vun Ierseng.<\/p>\n<p>Den Gr\u00ebnnungs Comit\u00e9 huet sech zesummengesat aus dem:.<\/p>\n<p>President:<\/p>\n<p>Vize-President:<\/p>\n<p>Sekret\u00e4r:<\/p>\n<p>Keessier:<\/p>\n<p>Memberen:<\/p>\n<p>Jos Goedert<\/p>\n<p>Ren\u00e9 Schmit<\/p>\n<p>Jos Glodt<\/p>\n<p>Emile Ehlinger<\/p>\n<p>Constant Knepper<br \/>\nJustin Molling<\/p>\n<h2>Chronik<\/h2>\n<p>&nbsp;<\/p>\n","protected":false},"excerpt":{"rendered":"<p>&nbsp; Gesicht vun der Tr\u00ebntenger Musek D\u2019Gr\u00ebnnung vun der Tr\u00ebntenger Musek get op eng Grupp jonk Leit zreck, d\u00e9i sech am Joer 1945 enert dem Numm \u201eTheaterfr\u00ebnn Spass an Eescht\u201c zesummengeschloss hun fir d\u2019Jugend an d\u2019kulturell Liewen am Duerf opliewen ze loossen. Enner denen \u201eTheaterfr\u00ebnn\u201c waren och Museker, d\u00e9i sech en Intrument kaft hun fir \u2026<\/p>\n","protected":false},"author":1,"featured_media":0,"parent":0,"menu_order":0,"comment_status":"closed","ping_status":"closed","template":"","meta":{"footnotes":""},"class_list":["post-387","page","type-page","status-publish","hentry"],"_links":{"self":[{"href":"http:\/\/trentengermusek.org\/new\/wp-json\/wp\/v2\/pages\/387","targetHints":{"allow":["GET"]}}],"collection":[{"href":"http:\/\/trentengermusek.org\/new\/wp-json\/wp\/v2\/pages"}],"about":[{"href":"http:\/\/trentengermusek.org\/new\/wp-json\/wp\/v2\/types\/page"}],"author":[{"embeddable":true,"href":"http:\/\/trentengermusek.org\/new\/wp-json\/wp\/v2\/users\/1"}],"replies":[{"embeddable":true,"href":"http:\/\/trentengermusek.org\/new\/wp-json\/wp\/v2\/comments?post=387"}],"version-history":[{"count":9,"href":"http:\/\/trentengermusek.org\/new\/wp-json\/wp\/v2\/pages\/387\/revisions"}],"predecessor-version":[{"id":409,"href":"http:\/\/trentengermusek.org\/new\/wp-json\/wp\/v2\/pages\/387\/revisions\/409"}],"wp:attachment":[{"href":"http:\/\/trentengermusek.org\/new\/wp-json\/wp\/v2\/media?parent=387"}],"curies":[{"name":"wp","href":"https:\/\/api.w.org\/{rel}","templated":true}]}}

De Veräin

<p>&nbsp;</p>
<h2>Gesicht vun der Trëntenger Musek</h2>
<p>D’Grënnung vun der Trëntenger Musek get op eng Grupp jonk Leit zreck, déi sech am Joer 1945 enert dem Numm „Theaterfrënn Spass an Eescht“ zesummengeschloss hun fir d’Jugend an d’kulturell Liewen am Duerf opliewen ze loossen. Enner denen „Theaterfrënn“ waren och Museker, déi sech en Intrument kaft hun fir bei festleche Geleegenheeten domat ze spillen.</p>
<p>Den éischten musikaleschn Optrëtt vun den „Theaterfrënn“ war am Mee 1945 op enger Hochzäit. Durno, am Juni 1945 hun si um Kiischtefest am Café Schweitzer Danzmusek gespillt.</p>
<p>Uschléissend hun d’“Theatrefrënn“ als éischt op der Hierschtkiermes am Dall den Hämmelsmarsch geblosen an dono, op Invitatioun vum Buergermeeschter Auguste Kayl, och zu Waldbriedemes.</p>
<p>Beim Kiischtefest 1946 ass vun engem Vierstandsmember d’Fro gestallt gin: „Fir wat laft der als wëll Musikanten dorëmmer? Grënd dach eng uerdentlech Musek!“ Dorober as dann den 24. Juli 1946 d’Grënnungsversammlung vun der „Fanfare de Trintange“ ofgehallen gin. Si waren zu 34 Memberen déi fir eng Musek waren .</p>
<p>Den éischte Dirigent war den Här René Schmit vun Ierseng.</p>
<p>Den Grënnungs Comité huet sech zesummengesat aus dem:.</p>
<p>President:</p>
<p>Vize-President:</p>
<p>Sekretär:</p>
<p>Keessier:</p>
<p>Memberen:</p>
<p>Jos Goedert</p>
<p>René Schmit</p>
<p>Jos Glodt</p>
<p>Emile Ehlinger</p>
<p>Constant Knepper<br />
Justin Molling</p>
<h2>Chronik</h2>
<p>&nbsp;</p>

<p>&nbsp; Gesicht vun der Trëntenger Musek D’Grënnung vun der Trëntenger Musek get op eng Grupp jonk Leit zreck, déi sech am Joer 1945 enert dem Numm „Theaterfrënn Spass an Eescht“ zesummengeschloss hun fir d’Jugend an d’kulturell Liewen am Duerf opliewen ze loossen. Enner denen „Theaterfrënn“ waren och Museker, déi sech en Intrument kaft hun fir …</p>
