{"id":27,"date":"2017-08-21T17:38:34","date_gmt":"2017-08-21T15:38:34","guid":{"rendered":"http:\/\/trentengermusek.org\/new\/?page_id=27"},"modified":"2025-04-16T13:15:45","modified_gmt":"2025-04-16T11:15:45","slug":"comite","status":"publish","type":"page","link":"http:\/\/trentengermusek.org\/new\/comite\/","title":{"rendered":"Comit\u00e9"},"content":{"rendered":"<h2>Comit\u00e9 vun der Tr\u00ebntenger Musek<\/h2>\n<p>\t\t\t\t\t\t\t\t\tPresident f.f.<br \/>\n\t\t\t\t\t\t\t\t\tSecretaire<br \/>\n\t\t\t\t\t\t\t\t\tTresorier<br \/>\n\t\t\t\t\t\t\t\t\tVice-Presidentin:<br \/>\n\t\t\t\t\t\t\t\t\tMemberen<br \/>\n\t\t\t\t\t\t\t\t\tPresident f.f.<\/p>\n<p>RAACH Lucie<\/p>\n<p>\t\t\t\t\t\t\t\t\tSecretaire<\/p>\n<p>SCHUMACHER Marc<\/p>\n<p>\t\t\t\t\t\t\t\t\tTresorier<\/p>\n<p>KUTTEN Sarah<\/p>\n<p>\t\t\t\t\t\t\t\t\tVice-Presidentin:<\/p>\n<p>poste vacante<\/p>\n<p>\t\t\t\t\t\t\t\t\tMemberen<\/p>\n<p>HEMMEN Mariette<\/p>\n<p>JACOBY Lisa<\/p>\n<p>LAUER Jessica<\/p>\n<p>THORN Olivier<\/p>\n<p>\u00a0<\/p>\n<h4>Aner Funktiounen an der Tr\u00ebntenger Musek<\/h4>\n<p>\t\t\t\t\t\t\t\t\tDirigent<br \/>\n\t\t\t\t\t\t\t\t\tSous-Chefs<br \/>\n\t\t\t\t\t\t\t\t\tArchive<br \/>\n\t\t\t\t\t\t\t\t\tInternetsite<br \/>\n\t\t\t\t\t\t\t\t\tDirigent<\/p>\n<p>THEIS J\u00e9r\u00f4me<\/p>\n<p>\t\t\t\t\t\t\t\t\tSous-Chefs<\/p>\n<p>RISCH Judith<\/p>\n<p>LAUER David<\/p>\n<p>\t\t\t\t\t\t\t\t\tArchive<\/p>\n<p>MENGER Jouko<\/p>\n<p>\t\t\t\t\t\t\t\t\tInternetsite<\/p>\n<p>SCHUMACHER Marc<\/p>\n","protected":false},"excerpt":{"rendered":"<p>Comit\u00e9 vun der Tr\u00ebntenger Musek President f.f. Secretaire Tresorier Vice-Presidentin: Memberen President f.f. RAACH Lucie Secretaire SCHUMACHER Marc Tresorier KUTTEN Sarah Vice-Presidentin: poste vacante Memberen HEMMEN Mariette JACOBY Lisa LAUER Jessica THORN Olivier \u00a0 Aner Funktiounen an der Tr\u00ebntenger Musek Dirigent Sous-Chefs Archive Internetsite Dirigent THEIS J\u00e9r\u00f4me Sous-Chefs RISCH Judith LAUER David Archive MENGER Jouko \u2026<\/p>\n","protected":false},"author":1,"featured_media":0,"parent":0,"menu_order":0,"comment_status":"closed","ping_status":"closed","template":"","meta":{"footnotes":""},"class_list":["post-27","page","type-page","status-publish","hentry"],"_links":{"self":[{"href":"http:\/\/trentengermusek.org\/new\/wp-json\/wp\/v2\/pages\/27","targetHints":{"allow":["GET"]}}],"collection":[{"href":"http:\/\/trentengermusek.org\/new\/wp-json\/wp\/v2\/pages"}],"about":[{"href":"http:\/\/trentengermusek.org\/new\/wp-json\/wp\/v2\/types\/page"}],"author":[{"embeddable":true,"href":"http:\/\/trentengermusek.org\/new\/wp-json\/wp\/v2\/users\/1"}],"replies":[{"embeddable":true,"href":"http:\/\/trentengermusek.org\/new\/wp-json\/wp\/v2\/comments?post=27"}],"version-history":[{"count":16,"href":"http:\/\/trentengermusek.org\/new\/wp-json\/wp\/v2\/pages\/27\/revisions"}],"predecessor-version":[{"id":743,"href":"http:\/\/trentengermusek.org\/new\/wp-json\/wp\/v2\/pages\/27\/revisions\/743"}],"wp:attachment":[{"href":"http:\/\/trentengermusek.org\/new\/wp-json\/wp\/v2\/media?parent=27"}],"curies":[{"name":"wp","href":"https:\/\/api.w.org\/{rel}","templated":true}]}}